 in base 7?
-1
-61 (base 7) to base 3
-1121
1 (base 15) to base 11
1
What is -a4 (base 12) in base 3?
-11121
What is -26 (base 11) in base 12?
-24
4 (base 13) to base 11
4
114 (base 6) to base 13
37
102 (base 14) to base 2
11000110
Convert -13 (base 14) to base 10.
-17
11110 (base 2) to base 7
42
-10 (base 4) to base 14
-4
-211 (base 7) to base 16
-6a
What is -566 (base 7) in base 8?
-445
-3 (base 12) to base 13
-3
-33 (base 9) to base 13
-24
What is -506 (base 8) in base 6?
-1302
-2112 (base 3) to base 5
-233
Convert -80 (base 16) to base 14.
-92
-24 (base 14) to base 9
-35
1b6 (base 15) to base 5
3041
Convert 100 (base 6) to base 12.
30
-11 (base 16) to base 10
-17
What is 11 (base 15) in base 13?
13
What is -2 (base 13) in base 11?
-2
Convert -11222 (base 3) to base 4.
-2012
Convert 2 (base 16) to base 3.
2
Convert -1011 (base 4) to base 2.
-1000101
Convert -12 (base 3) to base 14.
-5
Convert -6 (base 8) to base 16.
-6
12 (base 6) to base 2
1000
-1011 (base 2) to base 14
-b
What is 3 (base 4) in base 16?
3
What is -13 (base 6) in base 9?
-10
What is 2 (base 7) in base 6?
2
-2 (base 10) to base 8
-2
-5 (base 6) to base 4
-11
-37 (base 8) to base 12
-27
Convert 110 (base 3) to base 7.
15
What is -5 (base 13) in base 9?
-5
11 (base 7) to base 10
8
Convert -1221 (base 4) to base 6.
-253
Convert 0 (base 12) to base 5.
0
What is -2 (base 6) in base 3?
-2
Convert 21 (base 6) to base 11.
12
What is -9 (base 16) in base 9?
-10
2111 (base 3) to base 4
1003
10000 (base 3) to base 16
51
Convert 5 (base 7) to base 13.
5
Convert 75 (base 10) to base 8.
113
Convert 145 (base 7) to base 6.
214
Convert 110101 (base 2) to base 3.
1222
What is -1112 (base 5) in base 12?
-111
-20 (base 11) to base 2
-10110
Convert 10211 (base 3) to base 6.
251
6 (base 9) to base 14
6
-8 (base 13) to base 6
-12
What is -5 (base 12) in base 11?
-5
What is -14 (base 16) in base 4?
-110
Convert -64 (base 8) to base 9.
-57
What is a (base 12) in base 2?
1010
32 (base 4) to base 11
13
-100 (base 2) to base 13
-4
What is 43 (base 5) in base 9?
25
Convert 0 (base 6) to base 16.
0
Convert -210 (base 4) to base 8.
-44
What is -1 (base 13) in base 12?
-1
10 (base 11) to base 14
b
-8 (base 15) to base 16
-8
Convert -303 (base 6) to base 13.
-87
Convert -12 (base 14) to base 2.
-10000
-87 (base 16) to base 14
-99
What is -101001111 (base 2) in base 8?
-517
What is 21 (base 9) in base 8?
23
-3 (base 12) to base 4
-3
Convert -11 (base 3) to base 13.
-4
Convert 0 (base 15) to base 11.
0
Convert 123 (base 6) to base 11.
47
-40 (base 5) to base 7
-26
Convert -1 (base 9) to base 6.
-1
What is -4 (base 15) in base 7?
-4
What is 9 (base 15) in base 5?
14
Convert -6 (base 13) to base 2.
-110
-1100101 (base 2) to base 4
-1211
22 (base 3) to base 7
11
What is -3 (base 12) in base 8?
-3
Convert 46 (base 14) to base 10.
62
52 (base 7) to base 3
1101
-133 (base 5) to base 8
-53
-1 (base 13) to base 7
-1
-31 (base 4) to base 14
-d
What is 7 (base 14) in base 10?
7
14 (base 11) to base 2
1111
What is -56 (base 15) in base 2?
-1010001
Convert 12 (base 11) to base 13.
10
-2 (base 15) to base 12
-2
Convert -73 (base 9) to base 5.
-231
1b (base 15) to base 5
101
What is -67 (base 16) in base 10?
-103
Convert -7 (base 14) to base 13.
-7
-3 (base 11) to base 13
-3
Convert -20 (base 4) to base 3.
-22
-13 (base 7) to base 4
-22
1000001 (base 2) to base 10
65
What is -14 (base 13) in base 5?
-32
What is -4c (base 15) in base 12?
-60
-6 (base 15) to base 6
-10
-a (base 13) to base 4
-22
What is 32 (base 4) in base 3?
112
Convert 0 (base 3) to base 15.
0
What is -173 (base 13) in base 2?
-100000111
-51 (base 9) to base 8
-56
b (base 14) to base 10
11
3 (base 9) to base 16
3
20020 (base 3) to base 9
206
-10 (base 5) to base 6
-5
Convert 13 (base 16) to base 12.
17
Convert -3 (base 8) to base 10.
-3
What is 23 (base 7) in base 6?
25
Convert -1c (base 15) to base 12.
-23
-7 (base 16) to base 9
-7
What is -3 (base 14) in base 12?
-3
Convert 2 (base 10) to base 12.
2
What is 11 (base 10) in base 11?
10
Convert -111101 (base 2) to base 8.
-75
1303 (base 4) to base 9
137
What is -5 (base 6) in base 13?
-5
What is -4 (base 16) in base 3?
-11
-27 (base 11) to base 16
-1d
What is 112 (base 3) in base 6?
22
What is -300 (base 7) in base 3?
-12110
Convert 1 (base 7) to base 13.
1
What is 1 (base 12) in base 9?
1
1 (base 3) to base 8
1
7 (base 16) to base 9
7
-124 (base 9) to base 3
-10211
-101100 (base 2) to base 10
-44
Convert 1a (base 11) to base 7.
30
Convert -3 (base 4) to base 3.
-10
What is 2 (base 6) in base 15?
2
Convert -217 (base 9) to base 8.
-262
What is 2 (base 5) in base 11?
2
What is 413 (base 7) in base 5?
1311
11 (base 9) to base 7
13
What is 2 (base 4) in base 6?
2
What is -31 (base 6) in base 3?
-201
-402 (base 5) to base 4
-1212
What is 10 (base 2) in base 11?
2
Convert -5 (base 10) to base 14.
-5
What is 0 (base 8) in base 12?
0
230 (base 5) to base 6
145
What is -4c (base 14) in base 8?
-104
What is 1 (base 16) in base 7?
1
Convert 4 (base 6) to base 2.
100
What is 0 (base 8) in base 6?
0
What is 1101 (base 2) in base 4?
31
1111 (base 4) to base 15
5a
What is 12 (base 14) in base 6?
24
Convert -20 (base 8) to base 4.
-100
Convert -2 (base 9) to base 13.
-2
What is 24 (base 5) in base 6?
22
What is -2e (base 15) in base 11?
-40
What is 0 (base 6) in base 5?
0
234 (base 6) to base 10
94
What is 2 (base 6) in base 2?
10
What is -2212 (base 3) in base 2?
-1001101
Convert -3 (base 16) to base 15.
-3
Convert 63 (base 15) to base 10.
93
-11 (base 11) to base 15
-c
Convert -5 (base 8) to base 4.
-11
-13 (base 14) to base 5
-32
Convert -1233 (base 6) to base 10.
-309
Convert -1 (base 5) to base 13.
-1
What is 89 (base 12) in base 5?
410
Convert 4 (base 7) to base 3.
11
Convert -e4 (base 15) to base 9.
-257
-16 (base 12) to base 8
-22
111 (base 3) to base 4
31
86 (base 13) to base 7
215
What is 1000010 (base 2) in base 7?
123
What is -66 (base 15) in base 9?
-116
What is -47 (base 13) in base 7?
-113
Convert -27 (base 9) to base 12.
-21
-19 (base 16) to base 6
-41
What is 300 (base 7) in base 16?
93
Convert 119 (base 15) to base 7.
504
What is -24 (base 12) in base 9?
-31
Convert 0 (base 7) to base 9.
0
11 (base 6) to base 11
7
What is 100 (base 3) in base 16?
9
What is 1 (base 15) in base 9?
1
What is -10 (base 4) in base 3?
-11
35 (base 15) to base 13
3b
Convert -1 (base 13) to base 11.
-1
Convert 22 (base 9) to base 8.
24
Convert -20 (base 11) to base 12.
-1a
11 (base 9) to base 4
22
100 (base 2) to base 16
4
What is 7 (base 14) in base 10?
7
Convert 7 (base 15) to base 2.
111
Convert -21 (base 11) to base 10.
-23
-22 (base 10) to base 2
-10110
What is 110 (base 3) in base 15?
c
Convert 40 (base 16) to base 9.
71
Convert -3 (base 5) to base 12.
-3
Convert 2 (base 9) to base 15.
2
What is -3 (base 13) in base 16?
-3
What is 1 (base 12) in base 2?
1
What is -52 (base 10) in base 12?
-44
What is 1002 (base 3) in base 12?
25
What is 1d (base 16) in base 3?
1002
Convert 5 (base 11) to base 10.
5
-224 (base 6) to base 8
-130
-16 (base 14) to base 8
-24
What is -2 (base 5) in base 13?
-2
-3 (base 5) to base 9
-3
What is -11 (base 13) in base 15?
-e
What is -3 (base 7) in base 4?
-3
21 (base 5) to base 12
b
What is -1c (base 14) in base 7?
-35
What is -23 (base 15) in base 4?
-201
Convert 1011 (base 2) to base 4.
23
-24 (base 11) to base 16
-1a
Convert 100010 (base 2) to base 16.
22
What is -33 (base 11) in base 16?
-24
Convert 0 (base 8) to base 13.
0
6 (base 16) to base 8
6
What is 3 (base 13) in base 2?
11
-e7 (base 16) to base 13
-14a
-91 (base 10) to base 3
-10101
Convert -30 (base 5) to base 16.
-f
What is -5 (base 8) in base 13?
-5
-224 (base 5) to base 2
-1000000
b (base 12) to base 11
10
Convert -30 (base 9) to base 13.
-21
What is -1210 (base 3) in base 2?
-110000
What is -150 (base 9) in base 15?
-86
What is 16 (base 13) in base 9?
21
Convert -43 (base 9) to base 6.
-103
-11 (base 7) to base 16
-8
What is 7 (base 16) in base 15?
7
Convert a8 (base 14) to base 11.
125
Convert -8d (base 15) to base 10.
-133
What is -6c (base 13) in base 5?
-330
What is -2 (base 10) in base 13?
-2
-8e (base 16) to base 15
-97
What is -1b (base 13) in base 4?
-120
What is 7 (base 8) in base 7?
10
Convert 61 (base 7) to base 1